 16 = -6*k - 2*w, -3*k + 2*w = -f. What is the highest common divisor of k and 16?
4
Let m(y) = 2*y**3 - 3*y**2 - y. Let w be m(3). What is the highest common divisor of 168 and w?
24
Let w = 38 + -24. What is the highest common divisor of w and 14?
14
Let w be (20/6)/((-4)/36). Let b = 18 + w. Let f be 0 - b*(2 + -1). Calculate the highest common divisor of 24 and f.
12
Let v(t) = 2*t**2. Let o be v(-1). Suppose -o + 15 = q. Let j = 18 + -5. Calculate the highest common divisor of q and j.
13
Let f(p) = 4*p + 2. Let v be f(1). Suppose 0 = 9*b - v*b - 312. Calculate the greatest common factor of b and 26.
26
Let g(q) = -q**2 - 22*q - 12. Let a be g(-12). Calculate the highest common divisor of 36 and a.
36
Let t = 45 + -26. Let q(v) = -3*v**3 - 6*v**2 - 3*v + 3. Let o be q(-4). Let m = o + -54. What is the highest common divisor of t and m?
19
Let n(x) = x**3 - 8*x**2 + 10*x - 5. Let p = 7 + 0. Let c be n(p). What is the highest common factor of c and 176?
16
Let j = 1 + 16. Calculate the greatest common divisor of 153 and j.
17
Let f be (-3)/(-1*4/20). Suppose -y = -33 - 87. What is the greatest common factor of f and y?
15
Let b be 530/11 - (-2)/(-11). What is the highest common divisor of b and 32?
16
Let s = 4 + -5. Let t be 37/2 + s/(-2). Calculate the greatest common factor of t and 95.
19
Suppose 2*k - 2*u = -u - 1, -2*u = -2. Let c = 13 + k. Suppose -5*t = 15 + 10, -3*l - t = -151. What is the highest common divisor of l and c?
13
Let y = 41 - 26. What is the greatest common factor of y and 6?
3
Suppose 0 = -w + 5 + 5. Suppose 3*c - 7*c = -8. Let b be 5*(4 - 2)/c. What is the greatest common factor of b and w?
5
Let m(v) = 2*v**2 - 7. Let y(r) = -3*r**2 + r + 8. Let l(i) = -5*m(i) - 4*y(i). Let x be l(2). What is the greatest common divisor of x and 12?
3
Let y be 52 + (-2)/1 + 0. Let j = 2 + 0. Suppose 2*m + j*m = 80. What is the greatest common factor of m and y?
10
Let n be (1 + -2 - 2)*2. Let q = n - -3. Let k be (4/q)/(2/(-36)). What is the highest common factor of k and 12?
12
Let k be 6*((-4)/(-3))/4. Let u be (10/4)/(k/16). Suppose -3*f - 2*t + 14 = -16, -5*f - t + 50 = 0. What is the highest common factor of u and f?
10
Let c be (-5)/3 + 2 - 120/(-18). Calculate the highest common factor of c and 77.
7
Suppose -i = 3*i. Suppose 0 = 5*n - i*n - 735. Suppose 57 = -5*h + n. What is the highest common divisor of 9 and h?
9
Let a = 2 + 2. Let i be ((-5)/3)/(a/(-240)). What is the greatest common divisor of i and 25?
25
Suppose -125 = -12*y + 7*y. What is the highest common divisor of y and 225?
25
Suppose -31 = 5*w + 2*c, -5*c + 17 = -3*w + 2*w. Let g = 33 + w. What is the highest common factor of g and 65?
13
Suppose -5*y - 4 + 77 = 4*p, 3*y - 75 = -5*p. Suppose f = -1 + 2. Let t be (-93)/(-6)*2 - f. Calculate the greatest common divisor of p and t.
6
Suppose 14*x - 15*x = -13. Suppose 2*j + 2*j + 97 = a, -4*a - 2*j + 478 = 0. Calculate the greatest common divisor of a and x.
13
Let w(a) = a + 3. Let x be w(6). Suppose -10*m = 2*m - 1188. What is the highest common factor of x and m?
9
Let a(r) = -62*r + 1. Let b be a(-1). Let l = -43 + b. What is the greatest common factor of l and 4?
4
Let w = 5 + 0. Suppose -4*z + 380 = 4*b, w*z - 200 = -b + 275. Suppose 0 = -4*j - 3*r + z, 0 = j + 2*r - 6*r. Calculate the greatest common factor of j and 4.
4
Let a(b) = 4*b - 1. Suppose 2*p = 6*p + 20. Let z be a(p). Let u = -10 - z. Calculate the greatest common divisor of u and 1.
1
Let a(m) = -m**2 + 13*m - 20. Let t be a(5). Let o(z) = 6*z**2 + z - 1. Let w be o(-3). What is the greatest common factor of t and w?
10
Let b be 16 + 2/2*4. Calculate the greatest common divisor of 220 and b.
20
Let g(h) = -h**3 + 4*h**2 - 5*h - 12. Let c be g(-3). Let f = 0 - -11. Calculate the greatest common factor of f and c.
11
Let k(q) = q**2 + 5*q + 4. Let m be k(-5). Suppose -j = j - m. Calculate the highest common divisor of j and 2.
2
Let q be (-4 + 2)*4*-1. Let o = 19 + -11. Calculate the highest common divisor of q and o.
8
Suppose c + 6*l - 2*l = 58, 0 = 2*c + 2*l - 128. Calculate the highest common divisor of c and 44.
22
Let y(v) = v - 7. Let x be y(5). Let o be (-238)/(-4) - 1/x. Calculate the greatest common divisor of o and 24.
12
Let l be 6/(-8)*(1 - 21). Suppose -2 - 4 = -2*h, c + 5*h = 21. What is the greatest common factor of c and l?
3
Suppose 28 = -4*o + 388. Calculate the greatest common factor of o and 18.
18
Let p(l) = 5*l. Let h be p(6). Calculate the greatest common divisor of 75 and h.
15
Let y(i) = i**2 - 6*i + 2. Let m be y(5). Let o be 1/(m/84)*-2. What is the highest common divisor of o and 8?
8
Let n be (0 - -3)*(-8)/(-6). Suppose 84 = n*b + 32. Suppose 0*i = 3*i - 117. Calculate the highest common divisor of b and i.
13
Let x(y) be the third derivative of y**6/120 - 3*y**5/20 + 5*y**4/12 - 11*y**3/6 - 4*y**2. Let b be x(8). Calculate the greatest common divisor of b and 10.
5
Let t(g) = 2*g**2 - g - 1. Let n be t(2). Suppose -3*h + r - 1 = -3*r, h = -4*r + n. Calculate the greatest common divisor of 4 and h.
1
Suppose -4*s + j = -62, -4*s - j + 50 = 4*j. Let r = s + -9. Suppose -3*m + 54 = 5*o, -r - 9 = -5*m. Calculate the greatest common divisor of 1 and o.
1
Let x be (1*-27)/(1 + -2). Suppose 3*h = -5 + 17. Suppose -45 = -h*b - b. Calculate the highest common divisor of b and x.
9
Let n be (16/(-6))/((-1)/3). Suppose -17*t = -16*t - 88. What is the highest common divisor of n and t?
8
Let s be 1/(-1 - -2)*5. Suppose s*c + 2*l - 478 + 74 = 0, -c = -2*l - 76. What is the greatest common divisor of 10 and c?
10
Suppose 4*c = 59 + 73. Suppose 4*h = 4, -4*o + 10 = -2*o + 4*h. Calculate the greatest common factor of o and c.
3
Let b(t) = -t**2 + 4*t + 8. Let c be b(6). Let x(u) = -u. Let n be x(c). Let s = 11 - 7. What is the greatest common factor of n and s?
4
Suppose 0 = g + 11 - 81. What is the highest common divisor of 28 and g?
14
Let z(f) = f**2 + f + 6. Suppose 0 = -4*i - 0*i - 4. Let d be (i/2)/((-2)/(-28)). Let m be z(d). Calculate the highest common factor of 6 and m.
6
Let r(x) = 2 + 0*x + x + x. Let f be r(6). Let g = -8 + f. Calculate the highest common divisor of g and 24.
6
Let f be (-2761)/(-33) + (-1)/(-3). Calculate the greatest common divisor of 21 and f.
21
Suppose 16 = 5*g - 3*g. Let s be 3/((15/(-32))/(-5)). What is the greatest common divisor of g and s?
8
Let f = 7 - 3. Let l be -1*(-10 + f + -1). Calculate the greatest common divisor of l and 28.
7
Suppose 2*m - 4*m + 462 = -3*o, -1105 = -5*m - 5*o. What is the greatest common divisor of 25 and m?
25
Let t = -12 + 12. Suppose 5*a - q - 803 = t, -3*q + 2*q = a - 163. What is the greatest common factor of a and 23?
23
Suppose 0*q = -4*q - 1760. Let t be q/(-12) + 2/(-3). Calculate the highest common divisor of 18 and t.
18
Let o = 5 + 16. Let r = 11 + -7. Suppose -r = -2*d + 10. Calculate the greatest common divisor of o and d.
7
Let i be 1*3 + (-143)/(-13). Calculate the highest common factor of 42 and i.
14
Suppose j + 3*j = 332. Let m = j + -53. Suppose p = -2*p + 135. Calculate the greatest common factor of p and m.
15
Let i = 44 + -30. Suppose -t = -2*a - 16 - i, 0 = -2*a + 4*t - 24. Let o = a - -24. What is the highest common factor of 56 and o?
8
Suppose -8 = -s + 3*o, 2*s - 3*s = 5*o. Suppose 0 = s*n + 2*h - 5, 0*n = n - 4*h - 1. Calculate the greatest common divisor of 7 and n.
1
Let j be 1/(-2)*(-70)/1. Calculate the highest common divisor of j and 5.
5
Let c be (9 + -3)*1/3. Suppose 6 = 2*f - c. Suppose -6*m + m + 5 = 0. Calculate the highest common divisor of m and f.
1
Suppose -n + 1 + 4 = 0. Let t be (45/n)/((-2)/6). Let a = -17 - t. What is the highest common factor of a and 80?
10
Let h(n) = -4*n + 4. Let t(p) = -5*p + 4. Let g(k) = -3*h(k) + 2*t(k). Let b be g(4). Calculate the highest common factor of b and 2.
2
Suppose 3*a = 5*a - 4. Let u(j) = j. Let v be u(a). What is the greatest common factor of v and 18?
2
Suppose 0 = -3*v + 53 + 25. What is the greatest common divisor of v and 39?
13
Suppose 0 = 2*j - 4*a + 14, 3*j - 2*a + 9 = 0. Let b be (-4 - j) + 3 + 9. What is the highest common divisor of 99 and b?
9
Suppose i = 2*i - 4. Calculate the greatest common factor of i and 10.
2
Suppose -2*l = 2*l - 4*m - 316, 267 = 3*l + 3*m. Wh